{"id":65,"date":"2023-06-06T10:04:27","date_gmt":"2023-06-06T10:04:27","guid":{"rendered":"https:\/\/asociacionafectadosgrupoherrerobrigantina.es\/?page_id=65"},"modified":"2024-08-22T14:22:00","modified_gmt":"2024-08-22T14:22:00","slug":"blog","status":"publish","type":"page","link":"https:\/\/asociacionafectadosgrupoherrerobrigantina.es\/index.php\/blog\/","title":{"rendered":"Blog"},"content":{"rendered":"\t\t<div data-elementor-type=\"wp-page\" data-elementor-id=\"65\" class=\"elementor elementor-65\" data-elementor-post-type=\"page\">\n\t\t\t\t\t\t<section class=\"elementor-section elementor-top-section elementor-element elementor-element-43a48969 elementor-section-height-min-height elementor-section-items-top elementor-section-full_width elementor-section-height-default\" data-id=\"43a48969\" data-element_type=\"section\" data-e-type=\"section\" data-settings=\"{&quot;background_background&quot;:&quot;classic&quot;}\">\n\t\t\t\t\t\t\t<div class=\"elementor-background-overlay\"><\/div>\n\t\t\t\t\t\t\t<div class=\"elementor-container elementor-column-gap-default\">\n\t\t\t\t\t<div class=\"elementor-column elementor-col-100 elementor-top-column elementor-element elementor-element-167547d4\" data-id=\"167547d4\" data-element_type=\"column\" data-e-type=\"column\" data-settings=\"{&quot;background_background&quot;:&quot;classic&quot;}\">\n\t\t\t<div class=\"elementor-widget-wrap elementor-element-populated\">\n\t\t\t\t\t\t<div class=\"elementor-element elementor-element-7ae34af9 elementor-widget elementor-widget-heading\" data-id=\"7ae34af9\" data-element_type=\"widget\" data-e-type=\"widget\" data-widget_type=\"heading.default\">\n\t\t\t\t<div class=\"elementor-widget-container\">\n\t\t\t\t\t<h1 class=\"elementor-heading-title elementor-size-default\"><font style=\"vertical-align: inherit\"><font style=\"vertical-align: inherit\"><font style=\"vertical-align: inherit\"><font style=\"vertical-align: inherit\">BLOG<\/font><\/font><\/font><\/font><\/h1>\t\t\t\t<\/div>\n\t\t\t\t<\/div>\n\t\t\t\t\t<\/div>\n\t\t<\/div>\n\t\t\t\t\t<\/div>\n\t\t<\/section>\n\t\t\t\t<section class=\"elementor-section elementor-top-section elementor-element elementor-element-cb0eb1d elementor-section-boxed elementor-section-height-default elementor-section-height-default\" data-id=\"cb0eb1d\" data-element_type=\"section\" data-e-type=\"section\">\n\t\t\t\t\t\t<div class=\"elementor-container elementor-column-gap-default\">\n\t\t\t\t\t<div class=\"elementor-column elementor-col-100 elementor-top-column elementor-element elementor-element-935736f\" data-id=\"935736f\" data-element_type=\"column\" data-e-type=\"column\">\n\t\t\t<div class=\"elementor-widget-wrap elementor-element-populated\">\n\t\t\t\t\t\t<div class=\"elementor-element elementor-element-a06492d elementor-posts--align-center elementor-widget__width-inherit elementor-grid-3 elementor-grid-tablet-2 elementor-grid-mobile-1 elementor-posts--thumbnail-top elementor-card-shadow-yes elementor-posts__hover-gradient elementor-widget elementor-widget-posts\" data-id=\"a06492d\" data-element_type=\"widget\" data-e-type=\"widget\" data-settings=\"{&quot;pagination_type&quot;:&quot;numbers_and_prev_next&quot;,&quot;cards_row_gap&quot;:{&quot;unit&quot;:&quot;px&quot;,&quot;size&quot;:30,&quot;sizes&quot;:[]},&quot;cards_columns&quot;:&quot;3&quot;,&quot;cards_columns_tablet&quot;:&quot;2&quot;,&quot;cards_columns_mobile&quot;:&quot;1&quot;,&quot;cards_row_gap_tablet&quot;:{&quot;unit&quot;:&quot;px&quot;,&quot;size&quot;:&quot;&quot;,&quot;sizes&quot;:[]},&quot;cards_row_gap_mobile&quot;:{&quot;unit&quot;:&quot;px&quot;,&quot;size&quot;:&quot;&quot;,&quot;sizes&quot;:[]}}\" data-widget_type=\"posts.cards\">\n\t\t\t\t<div class=\"elementor-widget-container\">\n\t\t\t\t\t\t\t<div class=\"elementor-posts-container elementor-posts elementor-posts--skin-cards elementor-grid\">\n\t\t\t\t<article class=\"elementor-post elementor-grid-item post-762 post type-post status-publish format-standard has-post-thumbnail hentry category-sin-categoria\">\n\t\t\t<div class=\"elementor-post__card\">\n\t\t\t\t<a class=\"elementor-post__thumbnail__link\" href=\"https:\/\/asociacionafectadosgrupoherrerobrigantina.es\/index.php\/2023\/12\/29\/comunicado-1-23\/\" tabindex=\"-1\" ><div class=\"elementor-post__thumbnail\"><img decoding=\"async\" src=\"https:\/\/asociacionafectadosgrupoherrerobrigantina.es\/wp-content\/uploads\/2023\/12\/gavel-3577254_1280-480x250.jpg\" title=\"gavel-3577254_1280\" alt=\"gavel-3577254_1280\" loading=\"lazy\" \/><\/div><\/a>\n\t\t\t\t<div class=\"elementor-post__text\">\n\t\t\t\t<h3 class=\"elementor-post__title\">\n\t\t\t<a href=\"https:\/\/asociacionafectadosgrupoherrerobrigantina.es\/index.php\/2023\/12\/29\/comunicado-1-23\/\" >\n\t\t\t\tComunicado n\u00ba 1\/23\t\t\t<\/a>\n\t\t<\/h3>\n\t\t\t\t<div class=\"elementor-post__excerpt\">\n\t\t\t<p>Este a\u00f1o 2023 que termina ha sido un shock, un choque, impresi\u00f3n, conmoci\u00f3n, sorpresa o impacto en cuanto a las inversiones que miles de personas\t\t<\/div>\n\t\t\n\t\t<a class=\"elementor-post__read-more\" href=\"https:\/\/asociacionafectadosgrupoherrerobrigantina.es\/index.php\/2023\/12\/29\/comunicado-1-23\/\" aria-label=\"Read more about Comunicado n\u00ba 1\/23\" tabindex=\"-1\" >\n\t\t\tLeer m\u00e1s \u00bb\t\t<\/a>\n\n\t\t\t\t<\/div>\n\t\t\t\t<div class=\"elementor-post__meta-data\">\n\t\t\t\t\t<span class=\"elementor-post-date\">\n\t\t\t29 de diciembre de 2023\t\t<\/span>\n\t\t\t\t<span class=\"elementor-post-avatar\">\n\t\t\tNo hay comentarios\t\t<\/span>\n\t\t\t\t<\/div>\n\t\t\t\t\t<\/div>\n\t\t<\/article>\n\t\t\t\t<article class=\"elementor-post elementor-grid-item post-546 post type-post status-publish format-standard has-post-thumbnail hentry category-sin-categoria\">\n\t\t\t<div class=\"elementor-post__card\">\n\t\t\t\t<a class=\"elementor-post__thumbnail__link\" href=\"https:\/\/asociacionafectadosgrupoherrerobrigantina.es\/index.php\/2023\/06\/07\/existe-un-gran-numero-de-perjudicados-en-galicia\/\" tabindex=\"-1\" ><div class=\"elementor-post__thumbnail\"><img decoding=\"async\" src=\"https:\/\/asociacionafectadosgrupoherrerobrigantina.es\/wp-content\/uploads\/2023\/06\/pexels-andrea-piacquadio-3772618-1-480x250.jpg\" title=\"pexels-andrea-piacquadio-3772618 (1)\" alt=\"pexels-andrea-piacquadio-3772618 (1)\" loading=\"lazy\" \/><\/div><\/a>\n\t\t\t\t<div class=\"elementor-post__text\">\n\t\t\t\t<h3 class=\"elementor-post__title\">\n\t\t\t<a href=\"https:\/\/asociacionafectadosgrupoherrerobrigantina.es\/index.php\/2023\/06\/07\/existe-un-gran-numero-de-perjudicados-en-galicia\/\" >\n\t\t\t\tExiste un gran n\u00famero de perjudicados en Galicia\t\t\t<\/a>\n\t\t<\/h3>\n\t\t\t\t<div class=\"elementor-post__excerpt\">\n\t\t\t<p>Seg\u00fan ha publicado Europa Press en un art\u00edculo publicado en el d\u00eda de hoy ya hay centenares de afectados en Galicia donde se han presentado<\/p>\n\t\t<\/div>\n\t\t\n\t\t<a class=\"elementor-post__read-more\" href=\"https:\/\/asociacionafectadosgrupoherrerobrigantina.es\/index.php\/2023\/06\/07\/existe-un-gran-numero-de-perjudicados-en-galicia\/\" aria-label=\"Read more about Existe un gran n\u00famero de perjudicados en Galicia\" tabindex=\"-1\" >\n\t\t\tLeer m\u00e1s \u00bb\t\t<\/a>\n\n\t\t\t\t<\/div>\n\t\t\t\t<div class=\"elementor-post__meta-data\">\n\t\t\t\t\t<span class=\"elementor-post-date\">\n\t\t\t7 de junio de 2023\t\t<\/span>\n\t\t\t\t<span class=\"elementor-post-avatar\">\n\t\t\tNo hay comentarios\t\t<\/span>\n\t\t\t\t<\/div>\n\t\t\t\t\t<\/div>\n\t\t<\/article>\n\t\t\t\t<article class=\"elementor-post elementor-grid-item post-530 post type-post status-publish format-standard has-post-thumbnail hentry category-sin-categoria\">\n\t\t\t<div class=\"elementor-post__card\">\n\t\t\t\t<a class=\"elementor-post__thumbnail__link\" href=\"https:\/\/asociacionafectadosgrupoherrerobrigantina.es\/index.php\/2023\/06\/07\/cifran-en-100-millones-de-euros-el-dinero-estafado\/\" tabindex=\"-1\" ><div class=\"elementor-post__thumbnail\"><img decoding=\"async\" src=\"https:\/\/asociacionafectadosgrupoherrerobrigantina.es\/wp-content\/uploads\/2023\/06\/pexels-nathan-cowley-897817-480x250.jpg\" title=\"pexels-nathan-cowley-897817\" alt=\"pexels-nathan-cowley-897817\" loading=\"lazy\" \/><\/div><\/a>\n\t\t\t\t<div class=\"elementor-post__text\">\n\t\t\t\t<h3 class=\"elementor-post__title\">\n\t\t\t<a href=\"https:\/\/asociacionafectadosgrupoherrerobrigantina.es\/index.php\/2023\/06\/07\/cifran-en-100-millones-de-euros-el-dinero-estafado\/\" >\n\t\t\t\tCifran en 100 millones de euros el dinero estafado\t\t\t<\/a>\n\t\t<\/h3>\n\t\t\t\t<div class=\"elementor-post__excerpt\">\n\t\t\t<p>Se una informaci\u00f3n difundida hoy por El Espa\u00f1ol: &#8220;Los afectados por Herrero Brigantina cifran en m\u00e1s de 100 millones de euros el dinero \u201cestafado\u201d por<\/p>\n\t\t<\/div>\n\t\t\n\t\t<a class=\"elementor-post__read-more\" href=\"https:\/\/asociacionafectadosgrupoherrerobrigantina.es\/index.php\/2023\/06\/07\/cifran-en-100-millones-de-euros-el-dinero-estafado\/\" aria-label=\"Read more about Cifran en 100 millones de euros el dinero estafado\" tabindex=\"-1\" >\n\t\t\tLeer m\u00e1s \u00bb\t\t<\/a>\n\n\t\t\t\t<\/div>\n\t\t\t\t<div class=\"elementor-post__meta-data\">\n\t\t\t\t\t<span class=\"elementor-post-date\">\n\t\t\t7 de junio de 2023\t\t<\/span>\n\t\t\t\t<span class=\"elementor-post-avatar\">\n\t\t\tNo hay comentarios\t\t<\/span>\n\t\t\t\t<\/div>\n\t\t\t\t\t<\/div>\n\t\t<\/article>\n\t\t\t\t<article class=\"elementor-post elementor-grid-item post-367 post type-post status-publish format-standard has-post-thumbnail hentry category-sin-categoria tag-herrero-brigantina tag-querella\">\n\t\t\t<div class=\"elementor-post__card\">\n\t\t\t\t<a class=\"elementor-post__thumbnail__link\" href=\"https:\/\/asociacionafectadosgrupoherrerobrigantina.es\/index.php\/2023\/06\/06\/el-26-05-23-se-hacen-eco-de-las-dudas-de-solvencia\/\" tabindex=\"-1\" ><div class=\"elementor-post__thumbnail\"><img decoding=\"async\" src=\"https:\/\/asociacionafectadosgrupoherrerobrigantina.es\/wp-content\/uploads\/2023\/06\/pexels-andrea-piacquadio-3760778-480x250.jpg\" title=\"pexels-andrea-piacquadio-3760778\" alt=\"pexels-andrea-piacquadio-3760778\" loading=\"lazy\" \/><\/div><\/a>\n\t\t\t\t<div class=\"elementor-post__text\">\n\t\t\t\t<h3 class=\"elementor-post__title\">\n\t\t\t<a href=\"https:\/\/asociacionafectadosgrupoherrerobrigantina.es\/index.php\/2023\/06\/06\/el-26-05-23-se-hacen-eco-de-las-dudas-de-solvencia\/\" >\n\t\t\t\tEl 26.05.23 se hacen eco de las dudas de solvencia\t\t\t<\/a>\n\t\t<\/h3>\n\t\t\t\t<div class=\"elementor-post__excerpt\">\n\t\t\t<p>La Nueva Cr\u00f3nica en su art\u00edculo period\u00edstico de fecha 26 de mayo de 2023 se hace eco que y es textual: &#8220;El diario\u00a0El Pa\u00eds\u00a0ha revelado<\/p>\n\t\t<\/div>\n\t\t\n\t\t<a class=\"elementor-post__read-more\" href=\"https:\/\/asociacionafectadosgrupoherrerobrigantina.es\/index.php\/2023\/06\/06\/el-26-05-23-se-hacen-eco-de-las-dudas-de-solvencia\/\" aria-label=\"Read more about El 26.05.23 se hacen eco de las dudas de solvencia\" tabindex=\"-1\" >\n\t\t\tLeer m\u00e1s \u00bb\t\t<\/a>\n\n\t\t\t\t<\/div>\n\t\t\t\t<div class=\"elementor-post__meta-data\">\n\t\t\t\t\t<span class=\"elementor-post-date\">\n\t\t\t6 de junio de 2023\t\t<\/span>\n\t\t\t\t<span class=\"elementor-post-avatar\">\n\t\t\t1 comentario\t\t<\/span>\n\t\t\t\t<\/div>\n\t\t\t\t\t<\/div>\n\t\t<\/article>\n\t\t\t\t<article class=\"elementor-post elementor-grid-item post-361 post type-post status-publish format-standard has-post-thumbnail hentry category-sin-categoria tag-herrero-brigantina tag-querella\">\n\t\t\t<div class=\"elementor-post__card\">\n\t\t\t\t<a class=\"elementor-post__thumbnail__link\" href=\"https:\/\/asociacionafectadosgrupoherrerobrigantina.es\/index.php\/2023\/06\/06\/el-31-05-23-empiezan-a-denunciar-los-clientes\/\" tabindex=\"-1\" ><div class=\"elementor-post__thumbnail\"><img decoding=\"async\" src=\"https:\/\/asociacionafectadosgrupoherrerobrigantina.es\/wp-content\/uploads\/2023\/06\/pexels-andrea-piacquadio-3760043-480x250.jpg\" title=\"pexels-andrea-piacquadio-3760043\" alt=\"pexels-andrea-piacquadio-3760043\" loading=\"lazy\" \/><\/div><\/a>\n\t\t\t\t<div class=\"elementor-post__text\">\n\t\t\t\t<h3 class=\"elementor-post__title\">\n\t\t\t<a href=\"https:\/\/asociacionafectadosgrupoherrerobrigantina.es\/index.php\/2023\/06\/06\/el-31-05-23-empiezan-a-denunciar-los-clientes\/\" >\n\t\t\t\tEl 31.05.23 empiezan a denunciar los clientes\t\t\t<\/a>\n\t\t<\/h3>\n\t\t\t\t<div class=\"elementor-post__excerpt\">\n\t\t\t<p>El d\u00eda 31 de mayo de 2023 empiezan las denuncias por impago por parte de clientes del conglomerado de empresas del grupo Herrero Brigantina, seg\u00fan<\/p>\n\t\t<\/div>\n\t\t\n\t\t<a class=\"elementor-post__read-more\" href=\"https:\/\/asociacionafectadosgrupoherrerobrigantina.es\/index.php\/2023\/06\/06\/el-31-05-23-empiezan-a-denunciar-los-clientes\/\" aria-label=\"Read more about El 31.05.23 empiezan a denunciar los clientes\" tabindex=\"-1\" >\n\t\t\tLeer m\u00e1s \u00bb\t\t<\/a>\n\n\t\t\t\t<\/div>\n\t\t\t\t<div class=\"elementor-post__meta-data\">\n\t\t\t\t\t<span class=\"elementor-post-date\">\n\t\t\t6 de junio de 2023\t\t<\/span>\n\t\t\t\t<span class=\"elementor-post-avatar\">\n\t\t\t1 comentario\t\t<\/span>\n\t\t\t\t<\/div>\n\t\t\t\t\t<\/div>\n\t\t<\/article>\n\t\t\t\t<article class=\"elementor-post elementor-grid-item post-355 post type-post status-publish format-standard has-post-thumbnail hentry category-sin-categoria tag-herrero-brigantina tag-querella\">\n\t\t\t<div class=\"elementor-post__card\">\n\t\t\t\t<a class=\"elementor-post__thumbnail__link\" href=\"https:\/\/asociacionafectadosgrupoherrerobrigantina.es\/index.php\/2023\/06\/06\/el-01-03-23-todo-cambia-para-el-grupo-herrero-brigantina-duplicado-323\/\" tabindex=\"-1\" ><div class=\"elementor-post__thumbnail\"><img decoding=\"async\" src=\"https:\/\/asociacionafectadosgrupoherrerobrigantina.es\/wp-content\/uploads\/2023\/06\/fotor400x300-400x250.png\" title=\"fotor400x300\" alt=\"fotor400x300\" loading=\"lazy\" \/><\/div><\/a>\n\t\t\t\t<div class=\"elementor-post__text\">\n\t\t\t\t<h3 class=\"elementor-post__title\">\n\t\t\t<a href=\"https:\/\/asociacionafectadosgrupoherrerobrigantina.es\/index.php\/2023\/06\/06\/el-01-03-23-todo-cambia-para-el-grupo-herrero-brigantina-duplicado-323\/\" >\n\t\t\t\tEl 01.03.23 todo cambia para el grupo Herrero Brigantina\t\t\t<\/a>\n\t\t<\/h3>\n\t\t\t\t<div class=\"elementor-post__excerpt\">\n\t\t\t<p>El d\u00eda uno de marzo de 2023 empez\u00f3 a moverse algo bajo los pies del conglomerado de empresas del grupo Herrero Brigantina, empezaban a aparecer<\/p>\n\t\t<\/div>\n\t\t\n\t\t<a class=\"elementor-post__read-more\" href=\"https:\/\/asociacionafectadosgrupoherrerobrigantina.es\/index.php\/2023\/06\/06\/el-01-03-23-todo-cambia-para-el-grupo-herrero-brigantina-duplicado-323\/\" aria-label=\"Read more about El 01.03.23 todo cambia para el grupo Herrero Brigantina\" tabindex=\"-1\" >\n\t\t\tLeer m\u00e1s \u00bb\t\t<\/a>\n\n\t\t\t\t<\/div>\n\t\t\t\t<div class=\"elementor-post__meta-data\">\n\t\t\t\t\t<span class=\"elementor-post-date\">\n\t\t\t6 de junio de 2023\t\t<\/span>\n\t\t\t\t<span class=\"elementor-post-avatar\">\n\t\t\t1 comentario\t\t<\/span>\n\t\t\t\t<\/div>\n\t\t\t\t\t<\/div>\n\t\t<\/article>\n\t\t\t\t<\/div>\n\t\t\n\t\t\t\t<div class=\"e-load-more-anchor\" data-page=\"1\" data-max-page=\"2\" data-next-page=\"https:\/\/asociacionafectadosgrupoherrerobrigantina.es\/index.php\/wp-json\/wp\/v2\/pages\/65\/page\/2\/\"><\/div>\n\t\t\t\t<nav class=\"elementor-pagination\" aria-label=\"Pagination\">\n\t\t\t<span class=\"page-numbers prev\">&laquo; Anterior<\/span>\n<span aria-current=\"page\" class=\"page-numbers current\"><span class=\"elementor-screen-only\">Page<\/span>1<\/span>\n<a class=\"page-numbers\" href=\"https:\/\/asociacionafectadosgrupoherrerobrigantina.es\/index.php\/wp-json\/wp\/v2\/pages\/65\/page\/2\/\"><span class=\"elementor-screen-only\">Page<\/span>2<\/a>\n<a class=\"page-numbers next\" href=\"https:\/\/asociacionafectadosgrupoherrerobrigantina.es\/index.php\/wp-json\/wp\/v2\/pages\/65\/page\/2\/\">Siguiente &raquo;<\/a>\t\t<\/nav>\n\t\t\t\t\t\t<\/div>\n\t\t\t\t<\/div>\n\t\t\t\t\t<\/div>\n\t\t<\/div>\n\t\t\t\t\t<\/div>\n\t\t<\/section>\n\t\t\t\t<\/div>\n\t\t","protected":false},"excerpt":{"rendered":"<p>BLOG<\/p>\n","protected":false},"author":1,"featured_media":0,"parent":0,"menu_order":0,"comment_status":"closed","ping_status":"closed","template":"","meta":{"_uf_show_specific_survey":0,"_uf_disable_surveys":false,"site-sidebar-layout":"no-sidebar","site-content-layout":"page-builder","ast-site-content-layout":"default","site-content-style":"default","site-sidebar-style":"default","ast-global-header-display":"","ast-banner-title-visibility":"","ast-main-header-display":"","ast-hfb-above-header-display":"","ast-hfb-below-header-display":"","ast-hfb-mobile-header-display":"","site-post-title":"disabled","ast-breadcrumbs-content":"","ast-featured-img":"disabled","footer-sml-layout":"","ast-disable-related-posts":"","theme-transparent-header-meta":"","adv-header-id-meta":"","stick-header-meta":"","header-above-stick-meta":"","header-main-stick-meta":"","header-below-stick-meta":"","astra-migrate-meta-layouts":"default","ast-page-background-enabled":"default","ast-page-background-meta":{"desktop":{"background-color":"var(--ast-global-color-4)","background-image":"","background-repeat":"repeat","background-position":"center center","background-size":"auto","background-attachment":"scroll","background-type":"","background-media":"","overlay-type":"","overlay-color":"","overlay-opacity":"","overlay-gradient":""},"tablet":{"background-color":"","background-image":"","background-repeat":"repeat","background-position":"center center","background-size":"auto","background-attachment":"scroll","background-type":"","background-media":"","overlay-type":"","overlay-color":"","overlay-opacity":"","overlay-gradient":""},"mobile":{"background-color":"","background-image":"","background-repeat":"repeat","background-position":"center center","background-size":"auto","background-attachment":"scroll","background-type":"","background-media":"","overlay-type":"","overlay-color":"","overlay-opacity":"","overlay-gradient":""}},"ast-content-background-meta":{"desktop":{"background-color":"var(--ast-global-color-5)","background-image":"","background-repeat":"repeat","background-position":"center center","background-size":"auto","background-attachment":"scroll","background-type":"","background-media":"","overlay-type":"","overlay-color":"","overlay-opacity":"","overlay-gradient":""},"tablet":{"background-color":"var(--ast-global-color-5)","background-image":"","background-repeat":"repeat","background-position":"center center","background-size":"auto","background-attachment":"scroll","background-type":"","background-media":"","overlay-type":"","overlay-color":"","overlay-opacity":"","overlay-gradient":""},"mobile":{"background-color":"var(--ast-global-color-5)","background-image":"","background-repeat":"repeat","background-position":"center center","background-size":"auto","background-attachment":"scroll","background-type":"","background-media":"","overlay-type":"","overlay-color":"","overlay-opacity":"","overlay-gradient":""}},"footnotes":""},"class_list":["post-65","page","type-page","status-publish","hentry"],"yoast_head":"<!-- This site is optimized with the Yoast SEO plugin v27.5 - https:\/\/yoast.com\/product\/yoast-seo-wordpress\/ -->\n<title>Blog -<\/title>\n<meta name=\"robots\" content=\"index, follow, max-snippet:-1, max-image-preview:large, max-video-preview:-1\" \/>\n<link rel=\"canonical\" href=\"https:\/\/asociacionafectadosgrupoherrerobrigantina.es\/\" \/>\n<meta property=\"og:locale\" content=\"es_ES\" \/>\n<meta property=\"og:type\" content=\"article\" \/>\n<meta property=\"og:title\" content=\"Blog -\" \/>\n<meta property=\"og:description\" content=\"BLOG\" \/>\n<meta property=\"og:url\" content=\"https:\/\/asociacionafectadosgrupoherrerobrigantina.es\/\" \/>\n<meta property=\"article:modified_time\" content=\"2024-08-22T14:22:00+00:00\" \/>\n<meta name=\"twitter:card\" content=\"summary_large_image\" \/>\n<meta name=\"twitter:label1\" content=\"Tiempo de lectura\" \/>\n\t<meta name=\"twitter:data1\" content=\"4 minutos\" \/>\n<script type=\"application\/ld+json\" class=\"yoast-schema-graph\">{\"@context\":\"https:\\\/\\\/schema.org\",\"@graph\":[{\"@type\":\"WebPage\",\"@id\":\"https:\\\/\\\/asociacionafectadosgrupoherrerobrigantina.es\\\/index.php\\\/blog\\\/\",\"url\":\"https:\\\/\\\/asociacionafectadosgrupoherrerobrigantina.es\\\/\",\"name\":\"Blog -\",\"isPartOf\":{\"@id\":\"https:\\\/\\\/asociacionafectadosgrupoherrerobrigantina.es\\\/#website\"},\"datePublished\":\"2023-06-06T10:04:27+00:00\",\"dateModified\":\"2024-08-22T14:22:00+00:00\",\"breadcrumb\":{\"@id\":\"https:\\\/\\\/asociacionafectadosgrupoherrerobrigantina.es\\\/#breadcrumb\"},\"inLanguage\":\"es\",\"potentialAction\":[{\"@type\":\"ReadAction\",\"target\":[\"https:\\\/\\\/asociacionafectadosgrupoherrerobrigantina.es\\\/\"]}]},{\"@type\":\"BreadcrumbList\",\"@id\":\"https:\\\/\\\/asociacionafectadosgrupoherrerobrigantina.es\\\/#breadcrumb\",\"itemListElement\":[{\"@type\":\"ListItem\",\"position\":1,\"name\":\"Portada\",\"item\":\"https:\\\/\\\/asociacionafectadosgrupoherrerobrigantina.es\\\/\"},{\"@type\":\"ListItem\",\"position\":2,\"name\":\"Blog\"}]},{\"@type\":\"WebSite\",\"@id\":\"https:\\\/\\\/asociacionafectadosgrupoherrerobrigantina.es\\\/#website\",\"url\":\"https:\\\/\\\/asociacionafectadosgrupoherrerobrigantina.es\\\/\",\"name\":\"\",\"description\":\"\",\"potentialAction\":[{\"@type\":\"SearchAction\",\"target\":{\"@type\":\"EntryPoint\",\"urlTemplate\":\"https:\\\/\\\/asociacionafectadosgrupoherrerobrigantina.es\\\/?s={search_term_string}\"},\"query-input\":{\"@type\":\"PropertyValueSpecification\",\"valueRequired\":true,\"valueName\":\"search_term_string\"}}],\"inLanguage\":\"es\"}]}<\/script>\n<!-- \/ Yoast SEO plugin. -->","yoast_head_json":{"title":"Blog -","robots":{"index":"index","follow":"follow","max-snippet":"max-snippet:-1","max-image-preview":"max-image-preview:large","max-video-preview":"max-video-preview:-1"},"canonical":"https:\/\/asociacionafectadosgrupoherrerobrigantina.es\/","og_locale":"es_ES","og_type":"article","og_title":"Blog -","og_description":"BLOG","og_url":"https:\/\/asociacionafectadosgrupoherrerobrigantina.es\/","article_modified_time":"2024-08-22T14:22:00+00:00","twitter_card":"summary_large_image","twitter_misc":{"Tiempo de lectura":"4 minutos"},"schema":{"@context":"https:\/\/schema.org","@graph":[{"@type":"WebPage","@id":"https:\/\/asociacionafectadosgrupoherrerobrigantina.es\/index.php\/blog\/","url":"https:\/\/asociacionafectadosgrupoherrerobrigantina.es\/","name":"Blog -","isPartOf":{"@id":"https:\/\/asociacionafectadosgrupoherrerobrigantina.es\/#website"},"datePublished":"2023-06-06T10:04:27+00:00","dateModified":"2024-08-22T14:22:00+00:00","breadcrumb":{"@id":"https:\/\/asociacionafectadosgrupoherrerobrigantina.es\/#breadcrumb"},"inLanguage":"es","potentialAction":[{"@type":"ReadAction","target":["https:\/\/asociacionafectadosgrupoherrerobrigantina.es\/"]}]},{"@type":"BreadcrumbList","@id":"https:\/\/asociacionafectadosgrupoherrerobrigantina.es\/#breadcrumb","itemListElement":[{"@type":"ListItem","position":1,"name":"Portada","item":"https:\/\/asociacionafectadosgrupoherrerobrigantina.es\/"},{"@type":"ListItem","position":2,"name":"Blog"}]},{"@type":"WebSite","@id":"https:\/\/asociacionafectadosgrupoherrerobrigantina.es\/#website","url":"https:\/\/asociacionafectadosgrupoherrerobrigantina.es\/","name":"","description":"","potentialAction":[{"@type":"SearchAction","target":{"@type":"EntryPoint","urlTemplate":"https:\/\/asociacionafectadosgrupoherrerobrigantina.es\/?s={search_term_string}"},"query-input":{"@type":"PropertyValueSpecification","valueRequired":true,"valueName":"search_term_string"}}],"inLanguage":"es"}]}},"jetpack_sharing_enabled":true,"_links":{"self":[{"href":"https:\/\/asociacionafectadosgrupoherrerobrigantina.es\/index.php\/wp-json\/wp\/v2\/pages\/65","targetHints":{"allow":["GET"]}}],"collection":[{"href":"https:\/\/asociacionafectadosgrupoherrerobrigantina.es\/index.php\/wp-json\/wp\/v2\/pages"}],"about":[{"href":"https:\/\/asociacionafectadosgrupoherrerobrigantina.es\/index.php\/wp-json\/wp\/v2\/types\/page"}],"author":[{"embeddable":true,"href":"https:\/\/asociacionafectadosgrupoherrerobrigantina.es\/index.php\/wp-json\/wp\/v2\/users\/1"}],"replies":[{"embeddable":true,"href":"https:\/\/asociacionafectadosgrupoherrerobrigantina.es\/index.php\/wp-json\/wp\/v2\/comments?post=65"}],"version-history":[{"count":114,"href":"https:\/\/asociacionafectadosgrupoherrerobrigantina.es\/index.php\/wp-json\/wp\/v2\/pages\/65\/revisions"}],"predecessor-version":[{"id":879,"href":"https:\/\/asociacionafectadosgrupoherrerobrigantina.es\/index.php\/wp-json\/wp\/v2\/pages\/65\/revisions\/879"}],"wp:attachment":[{"href":"https:\/\/asociacionafectadosgrupoherrerobrigantina.es\/index.php\/wp-json\/wp\/v2\/media?parent=65"}],"curies":[{"name":"wp","href":"https:\/\/api.w.org\/{rel}","templated":true}]}}